{"id":30,"date":"2023-02-22T18:47:28","date_gmt":"2023-02-22T18:47:28","guid":{"rendered":"http:\/\/www.hanaoravcova.cz\/?page_id=30"},"modified":"2023-03-20T18:03:22","modified_gmt":"2023-03-20T18:03:22","slug":"vytvorte-si-svuj-web-s-bloky","status":"publish","type":"page","link":"https:\/\/www.hanaoravcova.cz\/","title":{"rendered":"TERAPIE SUPERVIZE VZD\u011aL\u00c1V\u00c1N\u00cd"},"content":{"rendered":"\n<div class=\"wp-block-columns alignwide is-layout-flex wp-container-core-columns-is-layout-9d6595d7 wp-block-columns-is-layout-flex\">\n<div class=\"wp-block-column is-vertically-aligned-top is-layout-flow wp-block-column-is-layout-flow\">\n<p class=\"has-text-align-left\"><img decoding=\"async\" src=\"http:\/\/www.hanaoravcova.cz\/wp-content\/uploads\/2023\/02\/1.jpg\" alt=\"psychologick\u00e9 poradenstv\u00ed a terapie pro d\u011bti a dosp\u011bl\u00e9, individu\u00e1ln\u00ed, p\u00e1rov\u00e9 a rodinn\u00e9 konzultace\" width=\"100%\"><\/p>\n\n\n\n<h3 class=\"wp-block-heading\">TERAPIE <\/h3>\n\n\n\n<p>Terapie je cestou k \u0159e\u0161en\u00ed. Na n\u00ed m\u016f\u017ee b\u00fdt u\u017eite\u010dn\u011b vyu\u017eit ka\u017ed\u00fd kam\u00ednek, strom \u010di kolemjdouc\u00ed, kter\u00e9 potk\u00e1me, k \u017e\u00e1douc\u00ed zm\u011bn\u011b v \u017eivot\u011b. <br>Nemus\u00edme m\u00edt v\u017edycky jasno o tom, jak dlouh\u00e1 cesta je a kudy vede. V\u017edycky bychom ale m\u011bli m\u00edt jasno, kter\u00fdm sm\u011brem se d\u00e1t. A n\u011bkdy je dobr\u00e9 m\u00edt aspo\u0148 na chv\u00edli sv\u00e9ho pr\u016fvodce. <\/p>\n\n\n\n<p class=\"has-extra-small-font-size\">Individu\u00e1ln\u00ed konzultace (osobn\u011b, online)<br>P\u00e1rov\u00e9 a rodinn\u00e9 konzultace (pouze osobn\u011b)<\/p>\n<\/div>\n\n\n\n<div class=\"wp-block-column is-layout-flow wp-block-column-is-layout-flow\">\n<p><img decoding=\"async\" src=\"http:\/\/www.hanaoravcova.cz\/wp-content\/uploads\/2023\/02\/2.jpg\" alt=\"Supervize a kou\u010dov\u00e1n\u00ed pro profesion\u00e1ly v pom\u00e1haj\u00edc\u00edch profes\u00edch\" width=\"100%\"><\/p>\n\n\n\n<h3 class=\"wp-block-heading\">SUPERVIZE<\/h3>\n\n\n\n<p>Supervize je n\u00e1strojem pom\u00e1haj\u00edc\u00edch profesion\u00e1l\u016f. Je pot\u0159eba se s n\u00edm nau\u010dit zach\u00e1zet. Je to proces u\u010den\u00ed a proces r\u016fstu. <br>Nemus\u00edme se na supervizi v\u017edycky c\u00edtit \u00fapln\u011b komfortn\u011b, rozhodn\u011b ale bezpe\u010dn\u011b. V\u017edycky bychom pak m\u011bli vid\u011bt aspo\u0148 na prvn\u00ed krok na cest\u011b za \u0159e\u0161en\u00edm.<\/p>\n\n\n\n<p class=\"has-extra-small-font-size\">P\u0159\u00edpadov\u00e9 supervize, kazuistick\u00e9 semin\u00e1\u0159e<br>T\u00fdmov\u00e9 supervize<br>Mana\u017eersk\u00e9 supervize<br>Individu\u00e1ln\u00ed a skupinov\u00e1 forma (osobn\u011b, online)<\/p>\n<\/div>\n\n\n\n<div class=\"wp-block-column is-layout-flow wp-block-column-is-layout-flow\">\n<p><img decoding=\"async\" src=\"http:\/\/www.hanaoravcova.cz\/wp-content\/uploads\/2023\/02\/3.jpg\" alt=\"Vzd\u011bl\u00e1v\u00e1n\u00ed pro profesion\u00e1ly i ve\u0159ejnost (semin\u00e1\u0159e, webin\u00e1\u0159e, p\u0159edn\u00e1\u0161ky)\" width=\"100%\"><\/p>\n\n\n\n<h3 class=\"wp-block-heading\">VZD\u011aL\u00c1V\u00c1N\u00cd<\/h3>\n\n\n\n<p>Vzd\u011bl\u00e1v\u00e1n\u00ed je mo\u017enost, kde m\u016f\u017eeme rozt\u00e1hnout k\u0159\u00eddla a dosahovat dal\u0161\u00edch met ve formov\u00e1n\u00ed na\u0161eho profesn\u00edho profilu. <br>Nemus\u00ed b\u00fdt pro n\u00e1s v\u017edycky jednoduch\u00e9 j\u00edt s k\u016f\u017e\u00ed na trh. M\u016f\u017eeme se ale nechat v\u00e9zt na vln\u011b skupiny a inspirovat se navz\u00e1jem.<\/p>\n\n\n\n<p class=\"has-extra-small-font-size\">Semin\u00e1\u0159e, webin\u00e1\u0159e, p\u0159edn\u00e1\u0161ky<br>Vzd\u011bl\u00e1v\u00e1n\u00ed profesion\u00e1l\u016f i ve\u0159ejnosti<br>Rodi\u010dovsk\u00e1 t\u00e9mata<br>N\u00e1hradn\u00ed rodinn\u00e1 p\u00e9\u010de<\/p>\n<\/div>\n<\/div>\n\n\n\n<div style=\"height:100px\" aria-hidden=\"true\" class=\"wp-block-spacer\"><\/div>\n\n\n\n<p><\/p>\n","protected":false},"excerpt":{"rendered":"<p>TERAPIE Terapie je cestou k \u0159e\u0161en\u00ed. Na n\u00ed m\u016f\u017ee b\u00fdt u\u017eite\u010dn\u011b vyu\u017eit ka\u017ed\u00fd kam\u00ednek, strom \u010di kolemjdouc\u00ed, kter\u00e9 potk\u00e1me, k \u017e\u00e1douc\u00ed zm\u011bn\u011b v \u017eivot\u011b. Nemus\u00edme m\u00edt v\u017edycky jasno o tom, jak dlouh\u00e1 cesta je a kudy vede. V\u017edycky bychom ale m\u011bli m\u00edt jasno, kter\u00fdm sm\u011brem se d\u00e1t. A n\u011bkdy je dobr\u00e9 m\u00edt aspo\u0148 na chv\u00edli&hellip; <a class=\"more-link\" href=\"https:\/\/www.hanaoravcova.cz\/\">Pokra\u010dovat ve\u00a0\u010dten\u00ed <span class=\"screen-reader-text\">TERAPIE SUPERVIZE VZD\u011aL\u00c1V\u00c1N\u00cd<\/span><\/a><\/p>\n","protected":false},"author":1,"featured_media":0,"parent":0,"menu_order":0,"comment_status":"closed","ping_status":"closed","template":"","meta":{"footnotes":""},"class_list":["post-30","page","type-page","status-publish","hentry","entry"],"yoast_head":"<!-- This site is optimized with the Yoast SEO plugin v20.2.1 - https:\/\/yoast.com\/wordpress\/plugins\/seo\/ -->\n<title>psychologick\u00e9 poradenstv\u00ed terapie<\/title>\n<meta name=\"description\" content=\"Psychologick\u00e9 poradenstv\u00ed a terapie pro d\u011bti a dosp\u011bl\u00e9, individu\u00e1ln\u00ed, p\u00e1rov\u00e9 a rodinn\u00e9 konzultace, supervize a kou\u010dov\u00e1n\u00ed, vzd\u011bl\u00e1v\u00e1n\u00ed\" \/>\n<meta name=\"robots\" content=\"index, follow, max-snippet:-1, max-image-preview:large, max-video-preview:-1\" \/>\n<link rel=\"canonical\" href=\"https:\/\/www.hanaoravcova.cz\/\" \/>\n<meta property=\"og:locale\" content=\"cs_CZ\" \/>\n<meta property=\"og:type\" content=\"article\" \/>\n<meta property=\"og:title\" content=\"psychologick\u00e9 poradenstv\u00ed terapie\" \/>\n<meta property=\"og:description\" content=\"Psychologick\u00e9 poradenstv\u00ed a terapie pro d\u011bti a dosp\u011bl\u00e9, individu\u00e1ln\u00ed, p\u00e1rov\u00e9 a rodinn\u00e9 konzultace, supervize a kou\u010dov\u00e1n\u00ed, vzd\u011bl\u00e1v\u00e1n\u00ed\" \/>\n<meta property=\"og:url\" content=\"https:\/\/www.hanaoravcova.cz\/\" \/>\n<meta property=\"og:site_name\" content=\"HANA POKORN\u00c1 ORAVCOV\u00c1\" \/>\n<meta property=\"article:modified_time\" content=\"2023-03-20T18:03:22+00:00\" \/>\n<meta property=\"og:image\" content=\"http:\/\/www.hanaoravcova.cz\/wp-content\/uploads\/2023\/02\/1.jpg\" \/>\n<meta name=\"twitter:card\" content=\"summary_large_image\" \/>\n<meta name=\"twitter:label1\" content=\"Odhadovan\u00e1 doba \u010dten\u00ed\" \/>\n\t<meta name=\"twitter:data1\" content=\"2 minuty\" \/>\n<script type=\"application\/ld+json\" class=\"yoast-schema-graph\">{\"@context\":\"https:\/\/schema.org\",\"@graph\":[{\"@type\":\"WebPage\",\"@id\":\"https:\/\/www.hanaoravcova.cz\/\",\"url\":\"https:\/\/www.hanaoravcova.cz\/\",\"name\":\"psychologick\u00e9 poradenstv\u00ed terapie\",\"isPartOf\":{\"@id\":\"https:\/\/www.hanaoravcova.cz\/#website\"},\"datePublished\":\"2023-02-22T18:47:28+00:00\",\"dateModified\":\"2023-03-20T18:03:22+00:00\",\"description\":\"Psychologick\u00e9 poradenstv\u00ed a terapie pro d\u011bti a dosp\u011bl\u00e9, individu\u00e1ln\u00ed, p\u00e1rov\u00e9 a rodinn\u00e9 konzultace, supervize a kou\u010dov\u00e1n\u00ed, vzd\u011bl\u00e1v\u00e1n\u00ed\",\"breadcrumb\":{\"@id\":\"https:\/\/www.hanaoravcova.cz\/#breadcrumb\"},\"inLanguage\":\"cs\",\"potentialAction\":[{\"@type\":\"ReadAction\",\"target\":[\"https:\/\/www.hanaoravcova.cz\/\"]}]},{\"@type\":\"BreadcrumbList\",\"@id\":\"https:\/\/www.hanaoravcova.cz\/#breadcrumb\",\"itemListElement\":[{\"@type\":\"ListItem\",\"position\":1,\"name\":\"Dom\u016f\",\"item\":\"https:\/\/www.hanaoravcova.cz\/\"},{\"@type\":\"ListItem\",\"position\":2,\"name\":\"TERAPIE SUPERVIZE VZD\u011aL\u00c1V\u00c1N\u00cd\"}]},{\"@type\":\"WebSite\",\"@id\":\"https:\/\/www.hanaoravcova.cz\/#website\",\"url\":\"https:\/\/www.hanaoravcova.cz\/\",\"name\":\"HANA POKORN\u00c1 ORAVCOV\u00c1\",\"description\":\"terapie - supervize - vzd\u011bl\u00e1v\u00e1n\u00ed\",\"potentialAction\":[{\"@type\":\"SearchAction\",\"target\":{\"@type\":\"EntryPoint\",\"urlTemplate\":\"https:\/\/www.hanaoravcova.cz\/?s={search_term_string}\"},\"query-input\":\"required name=search_term_string\"}],\"inLanguage\":\"cs\"}]}<\/script>\n<!-- \/ Yoast SEO plugin. -->","yoast_head_json":{"title":"psychologick\u00e9 poradenstv\u00ed terapie","description":"Psychologick\u00e9 poradenstv\u00ed a terapie pro d\u011bti a dosp\u011bl\u00e9, individu\u00e1ln\u00ed, p\u00e1rov\u00e9 a rodinn\u00e9 konzultace, supervize a kou\u010dov\u00e1n\u00ed, vzd\u011bl\u00e1v\u00e1n\u00ed","robots":{"index":"index","follow":"follow","max-snippet":"max-snippet:-1","max-image-preview":"max-image-preview:large","max-video-preview":"max-video-preview:-1"},"canonical":"https:\/\/www.hanaoravcova.cz\/","og_locale":"cs_CZ","og_type":"article","og_title":"psychologick\u00e9 poradenstv\u00ed terapie","og_description":"Psychologick\u00e9 poradenstv\u00ed a terapie pro d\u011bti a dosp\u011bl\u00e9, individu\u00e1ln\u00ed, p\u00e1rov\u00e9 a rodinn\u00e9 konzultace, supervize a kou\u010dov\u00e1n\u00ed, vzd\u011bl\u00e1v\u00e1n\u00ed","og_url":"https:\/\/www.hanaoravcova.cz\/","og_site_name":"HANA POKORN\u00c1 ORAVCOV\u00c1","article_modified_time":"2023-03-20T18:03:22+00:00","og_image":[{"url":"http:\/\/www.hanaoravcova.cz\/wp-content\/uploads\/2023\/02\/1.jpg"}],"twitter_card":"summary_large_image","twitter_misc":{"Odhadovan\u00e1 doba \u010dten\u00ed":"2 minuty"},"schema":{"@context":"https:\/\/schema.org","@graph":[{"@type":"WebPage","@id":"https:\/\/www.hanaoravcova.cz\/","url":"https:\/\/www.hanaoravcova.cz\/","name":"psychologick\u00e9 poradenstv\u00ed terapie","isPartOf":{"@id":"https:\/\/www.hanaoravcova.cz\/#website"},"datePublished":"2023-02-22T18:47:28+00:00","dateModified":"2023-03-20T18:03:22+00:00","description":"Psychologick\u00e9 poradenstv\u00ed a terapie pro d\u011bti a dosp\u011bl\u00e9, individu\u00e1ln\u00ed, p\u00e1rov\u00e9 a rodinn\u00e9 konzultace, supervize a kou\u010dov\u00e1n\u00ed, vzd\u011bl\u00e1v\u00e1n\u00ed","breadcrumb":{"@id":"https:\/\/www.hanaoravcova.cz\/#breadcrumb"},"inLanguage":"cs","potentialAction":[{"@type":"ReadAction","target":["https:\/\/www.hanaoravcova.cz\/"]}]},{"@type":"BreadcrumbList","@id":"https:\/\/www.hanaoravcova.cz\/#breadcrumb","itemListElement":[{"@type":"ListItem","position":1,"name":"Dom\u016f","item":"https:\/\/www.hanaoravcova.cz\/"},{"@type":"ListItem","position":2,"name":"TERAPIE SUPERVIZE VZD\u011aL\u00c1V\u00c1N\u00cd"}]},{"@type":"WebSite","@id":"https:\/\/www.hanaoravcova.cz\/#website","url":"https:\/\/www.hanaoravcova.cz\/","name":"HANA POKORN\u00c1 ORAVCOV\u00c1","description":"terapie - supervize - vzd\u011bl\u00e1v\u00e1n\u00ed","potentialAction":[{"@type":"SearchAction","target":{"@type":"EntryPoint","urlTemplate":"https:\/\/www.hanaoravcova.cz\/?s={search_term_string}"},"query-input":"required name=search_term_string"}],"inLanguage":"cs"}]}},"_links":{"self":[{"href":"https:\/\/www.hanaoravcova.cz\/index.php?rest_route=\/wp\/v2\/pages\/30","targetHints":{"allow":["GET"]}}],"collection":[{"href":"https:\/\/www.hanaoravcova.cz\/index.php?rest_route=\/wp\/v2\/pages"}],"about":[{"href":"https:\/\/www.hanaoravcova.cz\/index.php?rest_route=\/wp\/v2\/types\/page"}],"author":[{"embeddable":true,"href":"https:\/\/www.hanaoravcova.cz\/index.php?rest_route=\/wp\/v2\/users\/1"}],"replies":[{"embeddable":true,"href":"https:\/\/www.hanaoravcova.cz\/index.php?rest_route=%2Fwp%2Fv2%2Fcomments&post=30"}],"version-history":[{"count":42,"href":"https:\/\/www.hanaoravcova.cz\/index.php?rest_route=\/wp\/v2\/pages\/30\/revisions"}],"predecessor-version":[{"id":167,"href":"https:\/\/www.hanaoravcova.cz\/index.php?rest_route=\/wp\/v2\/pages\/30\/revisions\/167"}],"wp:attachment":[{"href":"https:\/\/www.hanaoravcova.cz\/index.php?rest_route=%2Fwp%2Fv2%2Fmedia&parent=30"}],"curies":[{"name":"wp","href":"https:\/\/api.w.org\/{rel}","templated":true}]}}